List the prime factors of 4729.
4729
List the prime factors of 182.
2, 7, 13
What are the prime factors of 33400?
2, 5, 167
What are the prime factors of 42693?
3, 7, 19, 107
What are the prime factors of 7125?
3, 5, 19
What are the prime factors of 1477?
7, 211
What are the prime factors of 43721?
43721
What are the prime factors of 611?
13, 47
List the prime factors of 22544.
2, 1409
What are the prime factors of 12566?
2, 61, 103
What are the prime factors of 6960?
2, 3, 5, 29
What are the prime factors of 52047?
3, 5783
List the prime factors of 554.
2, 277
List the prime factors of 18494.
2, 7, 1321
What are the prime factors of 97799?
13, 7523
List the prime factors of 7067.
37, 191
What are the prime factors of 304?
2, 19
List the prime factors of 130.
2, 5, 13
What are the prime factors of 51882?
2, 3, 8647
List the prime factors of 170.
2, 5, 17
What are the prime factors of 9435?
3, 5, 17, 37
List the prime factors of 1917.
3, 71
What are the prime factors of 1933?
1933
What are the prime factors of 184676?
2, 137, 337
What are the prime factors of 9347?
13, 719
What are the prime factors of 3161?
29, 109
What are the prime factors of 6870?
2, 3, 5, 229
What are the prime factors of 1642?
2, 821
What are the prime factors of 180747?
3, 7, 19, 151
What are the prime factors of 8961?
3, 29, 103
What are the prime factors of 476?
2, 7, 17
What are the prime factors of 9891?
3, 7, 157
List the prime factors of 6492.
2, 3, 541
What are the prime factors of 1271?
31, 41
What are the prime factors of 83767?
211, 397
What are the prime factors of 93796?
2, 131, 179
List the prime factors of 91270.
2, 5, 9127
List the prime factors of 19604.
2, 13, 29
What are the prime factors of 9348?
2, 3, 19, 41
What are the prime factors of 676?
2, 13
What are the prime factors of 105230?
2, 5, 17, 619
List the prime factors of 29751.
3, 47, 211
What are the prime factors of 7795?
5, 1559
What are the prime factors of 595?
5, 7, 17
What are the prime factors of 26719?
7, 11, 347
What are the prime factors of 4564?
2, 7, 163
What are the prime factors of 2024?
2, 11, 23
List the prime factors of 32930.
2, 5, 37, 89
List the prime factors of 488.
2, 61
What are the prime factors of 768?
2, 3
What are the prime factors of 2104?
2, 263
What are the prime factors of 104902?
2, 7, 59, 127
List the prime factors of 60417.
3, 7, 137
What are the prime factors of 1869?
3, 7, 89
What are the prime factors of 4727?
29, 163
List the prime factors of 2105.
5, 421
List the prime factors of 399.
3, 7, 19
What are the prime factors of 154443?
3, 51481
List the prime factors of 4570.
2, 5, 457
What are the prime factors of 4532?
2, 11, 103
List the prime factors of 5897.
5897
What are the prime factors of 8417?
19, 443
List the prime factors of 126438.
2, 3, 13, 1621
What are the prime factors of 4358?
2, 2179
List the prime factors of 63165.
3, 5, 4211
List the prime factors of 22195.
5, 23, 193
What are the prime factors of 1014?
2, 3, 13
List the prime factors of 2231.
23, 97
List the prime factors of 32011.
7, 17, 269
What are the prime factors of 40891?
103, 397
List the prime factors of 6079.
6079
List the prime factors of 1246.
2, 7, 89
List the prime factors of 2404.
2, 601
What are the prime factors of 117343?
271, 433
What are the prime factors of 1080?
2, 3, 5
What are the prime factors of 84275?
5, 3371
What are the prime factors of 24375?
3, 5, 13
What are the prime factors of 27194?
2, 13597
List the prime factors of 14390.
2, 5, 1439
What are the prime factors of 3558?
2, 3, 593
What are the prime factors of 431?
431
List the prime factors of 6078.
2, 3, 1013
What are the prime factors of 2861?
2861
What are the prime factors of 830?
2, 5, 83
List the prime factors of 46852.
2, 13, 17, 53
List the prime factors of 4499.
11, 409
List the prime factors of 3174.
2, 3, 23
List the prime factors of 9716.
2, 7, 347
What are the prime factors of 1490?
2, 5, 149
List the prime factors of 25964.
2, 6491
What are the prime factors of 16916?
2, 4229
List the prime factors of 173132.
2, 43283
List the prime factors of 6945.
3, 5, 463
List the prime factors of 1012.
2, 11, 23
What are the prime factors of 58294?
2, 29147
What are the prime factors of 5262?
2, 3, 877
List the prime factors of 13626.
2, 3, 757
List the prime factors of 2004.
2, 3, 167
List the prime factors of 228.
2, 3, 19
What are the prime factors of 2771?
17, 163
List the prime factors of 29582.
2, 7, 2113
What are the prime factors of 4378?
2, 11, 199
What are the prime factors of 3560?
2, 5, 89
List the prime factors of 164618.
2, 53, 1553
What are the prime factors of 68396?
2, 17099
List the prime factors of 441.
3, 7
List the prime factors of 156229.
156229
List the prime factors of 694.
2, 347
List the prime factors of 23226.
2, 3, 7, 79
List the prime factors of 172.
2, 43
What are the prime factors of 25627?
7, 523
List the prime factors of 2916.
2, 3
List the prime factors of 2076.
2, 3, 173
List the prime factors of 23419.
11, 2129
What are the prime factors of 9465?
3, 5, 631
What are the prime factors of 42782?
2, 21391
What are the prime factors of 2357?
2357
What are the prime factors of 3540?
2, 3, 5, 59
What are the prime factors of 8214?
2, 3, 37
What are the prime factors of 107314?
2, 53657
List the prime factors of 31831.
139, 229
What are the prime factors of 3645?
3, 5
List the prime factors of 1915.
5, 383
What are the prime factors of 2817?
3, 313
List the prime factors of 1118.
2, 13, 43
List the prime factors of 1774.
2, 887
What are the prime factors of 2254?
2, 7, 23
List the prime factors of 10360.
2, 5, 7, 37
What are the prime factors of 9760?
2, 5, 61
List the prime factors of 1875.
3, 5
List the prime factors of 160128.
2, 3, 139
What are the prime factors of 27606?
2, 3, 43, 107
List the prime factors of 10698.
2, 3, 1783
List the prime factors of 17000.
2, 5, 17
List the prime factors of 1882.
2, 941
What are the prime factors of 196313?
13, 15101
What are the prime factors of 42513?
3, 37, 383
List the prime factors of 16792.
2, 2099
What are the prime factors of 281?
281
List the prime factors of 3685.
5, 11, 67
List the prime factors of 1253.
7, 179
List the prime factors of 4614.
2, 3, 769
List the prime factors of 2446.
2, 1223
What are the prime factors of 19291?
101, 191
What are the prime factors of 54009?
3, 17, 353
List the prime factors of 19563.
3, 6521
List the prime factors of 1200.
2, 3, 5
List the prime factors of 32650.
2, 5, 653
What are the prime factors of 38759?
7, 113
What are the prime factors of 26582?
2, 13291
What are the prime factors of 44?
2, 11
List the prime factors of 12945.
3, 5, 863
List the prime factors of 673.
673
What are the prime factors of 337?
337
List the prime factors of 136277.
136277
List the prime factors of 2548.
2, 7, 13
What are the prime factors of 123673?
11, 11243
What are the prime factors of 3048?
2, 3, 127
List the prime factors of 726.
2, 3, 11
List the prime factors of 50448.
2, 3, 1051
List the prime factors of 1039.
1039
List the prime factors of 23930.
2, 5, 2393
List the prime factors of 137.
137
What are the prime factors of 26595?
3, 5, 197
What are the prime factors of 113410?
2, 5, 11, 1031
List the prime factors of 431.
431
List the prime factors of 2647.
2647
List the prime factors of 7484.
2, 1871
List the prime factors of 1716.
2, 3, 11, 13
List the prime factors of 16652.
2, 23, 181
List the prime factors of 10165.
5, 19, 107
What are the prime factors of 50381?
83, 607
List the prime factors of 372.
2, 3, 31
What are the prime factors of 3098?
2, 1549
What are the prime factors of 17450?
2, 5, 349
What are the prime factors of 2148?
2, 3, 179
List the prime factors of 352.
2, 11
What are the prime factors of 9590?
2, 5, 7, 137
What are the prime factors of 61448?
2, 7681
What are the prime factors of 21991?
21991
What are the prime factors of 1013?
1013
List the prime factors of 590.
2, 5, 59
List the prime factors of 2959.
11, 269
What are the prime factors of 1365?
3, 5, 7, 13
List the prime factors of 1176.
2, 3, 7
What are the prime factors of 37109?
43, 863
List the prime factors of 5062.
2, 2531
What are the prime factors of 27150?
2, 3, 5, 181
List the prime factors of 11042.
2, 5521